{"id":110,"date":"2023-10-18T15:31:25","date_gmt":"2023-10-18T19:31:25","guid":{"rendered":"https:\/\/pideloya.com.ve\/PixelWeb\/?post_type=product&#038;p=110"},"modified":"2025-02-20T22:30:08","modified_gmt":"2025-02-21T02:30:08","slug":"pi-01-2150-oreste-gonzalez","status":"publish","type":"product","link":"https:\/\/pideloya.com.ve\/PixelWeb\/producto\/pi-01-2150-oreste-gonzalez\/","title":{"rendered":"Pi 01-2150: Oreste Gonz\u00e1lez"},"content":{"rendered":"<p><strong>Porque contratar conmigo<\/strong><\/p>\n<p data-sourcepos=\"3:1-3:49\"><strong>\u00bfBuscas destacar en la industria audiovisual?<\/strong><\/p>\n<p data-sourcepos=\"5:1-5:279\">Soy un profesional con m\u00e1s de 15 a\u00f1os de experiencia en la creaci\u00f3n de contenido impactante y atractivo. Mi enfoque multidisciplinario abarca desde la producci\u00f3n audiovisual y radial hasta la creaci\u00f3n de contenido para redes sociales y el desarrollo de estrategias de influencia.<\/p>\n<p data-sourcepos=\"7:1-7:34\"><strong>\u00bfQu\u00e9 puedo hacer por tu marca?<\/strong><\/p>\n<ul data-sourcepos=\"9:1-12:0\">\n<li data-sourcepos=\"9:1-9:133\"><strong>Conectar con audiencias<\/strong>: Mi experiencia como creador de contenido e influencer me permite llegar a un p\u00fablico amplio y diverso.<\/li>\n<li data-sourcepos=\"10:1-10:162\"><strong>Producir contenido de calidad<\/strong>: Mi trayectoria como productor audiovisual y radial garantiza la creaci\u00f3n de material atractivo y de alto valor para tu marca.<\/li>\n<li data-sourcepos=\"11:1-12:0\"><strong>Desarrollar estrategias personalizadas<\/strong>: Entiendo las necesidades espec\u00edficas de cada marca y creo soluciones publicitarias a medida.<\/li>\n<\/ul>\n<p data-sourcepos=\"13:1-13:34\"><strong>\u00bfPor qu\u00e9 elegir mis servicios?<\/strong><\/p>\n<ul data-sourcepos=\"15:1-18:0\">\n<li data-sourcepos=\"15:1-15:138\"><strong>Experiencia y profesionalismo<\/strong>: Cuento con una s\u00f3lida trayectoria en la industria audiovisual y un profundo conocimiento del mercado.<\/li>\n<li data-sourcepos=\"16:1-16:134\"><strong>Enfoque en resultados<\/strong>: Mi objetivo es generar un impacto positivo en tu marca y ayudarte a alcanzar tus objetivos publicitarios.<\/li>\n<li data-sourcepos=\"17:1-18:0\"><strong>Creatividad e innovaci\u00f3n<\/strong>: Me mantengo a la vanguardia de las \u00faltimas tendencias para ofrecerte soluciones creativas y efectivas.<\/li>\n<\/ul>\n<p data-sourcepos=\"19:1-19:57\"><strong>\u00bfEst\u00e1s listo para llevar tu marca al siguiente nivel?<\/strong><\/p>\n<p data-sourcepos=\"21:1-21:118\">Cont\u00e1ctame hoy mismo para discutir tus necesidades publicitarias y descubrir c\u00f3mo puedo ayudarte a alcanzar tus metas.<\/p>\n<p data-sourcepos=\"23:1-23:106\"><strong>\u00a1Juntos podemos crear campa\u00f1as publicitarias que inspiren, eduquen y conecten con tu p\u00fablico objetivo!<\/strong><\/p>\n<p><strong>Para poder contactar directamente al usuario del (PI) por Email, es fundamental contar con una aplicaci\u00f3n de correo electr\u00f3nico en su sistema operativo. Puede optar por utilizar programas de correo como Microsoft Outlook en Windows o el navegador Firefox.<\/strong><\/p>\n<p><strong> Alternativamente, si prefiere otra soluci\u00f3n, puede simplemente escanear el C\u00f3digo Qr que lo redireccionara a este mismo sitio y puede enviar el correo desde su Tel\u00e9fono Inteligente.<\/strong><\/p>\n<p><img decoding=\"async\" class=\"alignnone wp-image-113 size-medium\" src=\"https:\/\/pideloya.com.ve\/PixelWeb\/wp-content\/uploads\/2023\/10\/WhatsApp-Image-2023-10-18-at-3.49.40-PM-300x300.jpeg\" alt=\"\" width=\"180\" height=\"180\" srcset=\"https:\/\/pideloya.com.ve\/PixelWeb\/wp-content\/uploads\/2023\/10\/WhatsApp-Image-2023-10-18-at-3.49.40-PM-300x300.jpeg 300w, https:\/\/pideloya.com.ve\/PixelWeb\/wp-content\/uploads\/2023\/10\/WhatsApp-Image-2023-10-18-at-3.49.40-PM-150x150.jpeg 150w, https:\/\/pideloya.com.ve\/PixelWeb\/wp-content\/uploads\/2023\/10\/WhatsApp-Image-2023-10-18-at-3.49.40-PM-768x768.jpeg 768w, https:\/\/pideloya.com.ve\/PixelWeb\/wp-content\/uploads\/2023\/10\/WhatsApp-Image-2023-10-18-at-3.49.40-PM-600x600.jpeg 600w, https:\/\/pideloya.com.ve\/PixelWeb\/wp-content\/uploads\/2023\/10\/WhatsApp-Image-2023-10-18-at-3.49.40-PM-100x100.jpeg 100w, https:\/\/pideloya.com.ve\/PixelWeb\/wp-content\/uploads\/2023\/10\/WhatsApp-Image-2023-10-18-at-3.49.40-PM.jpeg 800w\" sizes=\"(max-width: 180px) 100vw, 180px\" \/><\/p>\n<p><strong>S\u00ed cuenta con alguna de estas ociones dar click a la imagen<\/strong><\/p>\n<p><a href=\"mailto:prensaplaza1@gmail.com?Subject=Solicitud%20de%20servicio\" target=\"_blank\" rel=\"noopener\"><img decoding=\"async\" class=\"alignnone wp-image-4659\" src=\"https:\/\/www.pideloya.com.ve\/wp-content\/uploads\/2023\/09\/PhotoRoom-20230928_113249.png\" alt=\"\" width=\"80\" height=\"80\" \/><\/a><\/p>\n","protected":false},"excerpt":{"rendered":"<p><strong>Ocupaci\u00f3n: Productor y Locutor Audiovisual<\/strong><br \/>\n<strong>Telefono Movil: <a href=\"tel:\/\/04161977662\" target=\"_blank\" rel=\"noopener\">Cont\u00e1ctame<\/a><\/strong><\/p>\n<p><strong>*Creador de Contenidos<\/strong><br \/>\n<strong>*Influencer<\/strong><br \/>\n<strong>*Productor Audiovisual<\/strong><br \/>\n<strong>*Productor Radial<\/strong><\/p>\n<p><strong>Soy un destacado profesional en la industria audiovisual con una impresionante trayectoria de m\u00e1s de 15 a\u00f1os en el campo. Mi versatilidad y experiencia me han llevado a desempe\u00f1ar m\u00faltiples roles, destac\u00e1ndome como Creador de Contenidos, Influencer, Productor Audiovisual y Productor Radial.<\/strong><\/p>\n<p><strong>Como Creador de Contenidos, he demostrado mi habilidad para concebir y desarrollar material audiovisual de alta calidad que captura la atenci\u00f3n de una amplia audiencia. Mi presencia en las redes sociales y capacidad para conectar con el p\u00fablico me han convertido en un Influencer influyente en mi nicho.<\/strong><\/p>\n<p><strong>Adem\u00e1s, mi destreza como Productor Audiovisual se ha traducido en la producci\u00f3n de proyectos creativos y visuales que han dejado una marca duradera en la industria. Mi pasi\u00f3n por la radio tambi\u00e9n se refleja en mi trabajo como Productor Radial, donde he contribuido a la creaci\u00f3n de programas de gran \u00e9xito.<\/strong><\/p>\n<p style=\"text-align: center;\"><strong>Dale Click a mis Redes Sociales:<\/strong><\/p>\n<p style=\"text-align: center;\"><a href=\"https:\/\/www.facebook.com\/profile.php?id=100084276330420\" target=\"_blank\" rel=\"noopener\"><img decoding=\"async\" class=\"alignnone wp-image-4551\" src=\"https:\/\/www.pideloya.com.ve\/wp-content\/uploads\/2023\/09\/Logo_de_Facebook.png\" alt=\"\" width=\"50\" height=\"50\" \/><\/a><a href=\"#redirige-aqui\"><img loading=\"lazy\" decoding=\"async\" class=\"alignnone wp-image-4659\" src=\"https:\/\/www.pideloya.com.ve\/wp-content\/uploads\/2023\/09\/PhotoRoom-20230928_113249.png\" alt=\"\" width=\"50\" height=\"50\" \/><\/a><strong><a href=\"https:\/\/www.instagram.com\/ogcanalalternativo\/\" target=\"_blank\" rel=\"noopener\"><img loading=\"lazy\" decoding=\"async\" class=\"alignnone wp-image-4552\" src=\"https:\/\/www.pideloya.com.ve\/wp-content\/uploads\/2023\/09\/Instagram_logo_2016.svg_.png\" alt=\"@Cacaoperlanegra\" width=\"50\" height=\"50\" \/><\/a><\/strong><a href=\"https:\/\/twitter.com\/ogcanala\" target=\"_blank\" rel=\"noopener\"><img loading=\"lazy\" decoding=\"async\" class=\"alignnone wp-image-4612\" src=\"https:\/\/www.pideloya.com.ve\/wp-content\/uploads\/2023\/09\/LOGO-DE-X-TWITTER.jpg\" alt=\"\" width=\"79\" height=\"47\" \/><\/a><a href=\"https:\/\/wa.me\/+5804241720451?text=Estoy%20interesado%20en%20sus%20servicios\" target=\"_blank\" rel=\"noopener\"><img loading=\"lazy\" decoding=\"async\" class=\"alignnone wp-image-4563\" src=\"https:\/\/www.pideloya.com.ve\/wp-content\/uploads\/2023\/09\/WHATSAPP-LOGO-e1693935504673.png\" alt=\"\" width=\"50\" height=\"50\" \/><\/a><a href=\"https:\/\/youtube.com\/@orestes683?si=YNf2PoURtaQv1nGi\" target=\"_blank\" rel=\"noopener\"><img loading=\"lazy\" decoding=\"async\" class=\"alignnone wp-image-4617\" src=\"https:\/\/www.pideloya.com.ve\/wp-content\/uploads\/2023\/08\/LOGO-DE-YOUTUBE.png\" alt=\"\" width=\"76\" height=\"53\" \/><\/a><a href=\"https:\/\/t.me\/alpiecanonradio\" target=\"_blank\" rel=\"noopener\"><strong><img loading=\"lazy\" decoding=\"async\" class=\"alignnone wp-image-4613\" src=\"https:\/\/www.pideloya.com.ve\/wp-content\/uploads\/2023\/09\/LOGO-DE-TELEGRAM.jpg\" alt=\"\" width=\"50\" height=\"50\" \/><\/strong><\/a><\/p>\n<p id=\"redirige-aqui\" style=\"text-align: center;\"><strong>Dale click a mi Tienda Virtual<\/strong><br \/>\n<a href=\"https:\/\/pideloya.com.ve\/PixelWeb\/categoria-producto\/no-hay-tienda\/\" target=\"_blank\" rel=\"noopener\"><strong><img loading=\"lazy\" decoding=\"async\" class=\"alignnone wp-image-41 size-medium\" src=\"https:\/\/pideloya.com.ve\/PixelWeb\/wp-content\/uploads\/2023\/09\/LOGO-CON-NOMBRE-PIDELOYA-3.0-1-300x256.png\" alt=\"\" width=\"140\" height=\"256\" \/><\/strong><\/a><\/p>\n","protected":false},"featured_media":111,"comment_status":"open","ping_status":"closed","template":"","meta":[],"product_cat":[19],"product_tag":[],"class_list":{"0":"post-110","1":"product","2":"type-product","3":"status-publish","4":"has-post-thumbnail","6":"product_cat-zpi","8":"first","9":"instock","10":"shipping-taxable","11":"product-type-simple"},"yoast_head":"<!-- This site is optimized with the Yoast SEO plugin v21.3 - https:\/\/yoast.com\/wordpress\/plugins\/seo\/ -->\n<title>Pi 01-2150: Oreste Gonz\u00e1lez - PI WEB<\/title>\n<meta name=\"robots\" content=\"index, follow, max-snippet:-1, max-image-preview:large, max-video-preview:-1\" \/>\n<link rel=\"canonical\" href=\"https:\/\/pideloya.com.ve\/PixelWeb\/producto\/pi-01-2150-oreste-gonzalez\/\" \/>\n<meta property=\"og:locale\" content=\"es_ES\" \/>\n<meta property=\"og:type\" content=\"article\" \/>\n<meta property=\"og:title\" content=\"Pi 01-2150: Oreste Gonz\u00e1lez - PI WEB\" \/>\n<meta property=\"og:description\" content=\"Ocupaci\u00f3n: Productor y Locutor Audiovisual Telefono Movil: Cont\u00e1ctame  *Creador de Contenidos *Influencer *Productor Audiovisual *Productor Radial  Soy un destacado profesional en la industria audiovisual con una impresionante trayectoria de m\u00e1s de 15 a\u00f1os en el campo. Mi versatilidad y experiencia me han llevado a desempe\u00f1ar m\u00faltiples roles, destac\u00e1ndome como Creador de Contenidos, Influencer, Productor Audiovisual y Productor Radial.  Como Creador de Contenidos, he demostrado mi habilidad para concebir y desarrollar material audiovisual de alta calidad que captura la atenci\u00f3n de una amplia audiencia. Mi presencia en las redes sociales y capacidad para conectar con el p\u00fablico me han convertido en un Influencer influyente en mi nicho.  Adem\u00e1s, mi destreza como Productor Audiovisual se ha traducido en la producci\u00f3n de proyectos creativos y visuales que han dejado una marca duradera en la industria. Mi pasi\u00f3n por la radio tambi\u00e9n se refleja en mi trabajo como Productor Radial, donde he contribuido a la creaci\u00f3n de programas de gran \u00e9xito. Dale Click a mis Redes Sociales:  Dale click a mi Tienda Virtual\" \/>\n<meta property=\"og:url\" content=\"https:\/\/pideloya.com.ve\/PixelWeb\/producto\/pi-01-2150-oreste-gonzalez\/\" \/>\n<meta property=\"og:site_name\" content=\"PI WEB\" \/>\n<meta property=\"article:modified_time\" content=\"2025-02-21T02:30:08+00:00\" \/>\n<meta property=\"og:image\" content=\"https:\/\/pideloya.com.ve\/PixelWeb\/wp-content\/uploads\/2023\/10\/CANAL-ALTERNATIVO-LOGO-ORESTES.jpg\" \/>\n\t<meta property=\"og:image:width\" content=\"1080\" \/>\n\t<meta property=\"og:image:height\" content=\"1080\" \/>\n\t<meta property=\"og:image:type\" content=\"image\/jpeg\" \/>\n<meta name=\"twitter:card\" content=\"summary_large_image\" \/>\n<meta name=\"twitter:label1\" content=\"Tiempo estimado de lectura\" \/>\n\t<meta name=\"twitter:data1\" content=\"2 minutos\" \/>\n<script type=\"application\/ld+json\" class=\"yoast-schema-graph\">{\"@context\":\"https:\/\/schema.org\",\"@graph\":[{\"@type\":\"WebPage\",\"@id\":\"https:\/\/pideloya.com.ve\/PixelWeb\/producto\/pi-01-2150-oreste-gonzalez\/\",\"url\":\"https:\/\/pideloya.com.ve\/PixelWeb\/producto\/pi-01-2150-oreste-gonzalez\/\",\"name\":\"Pi 01-2150: Oreste Gonz\u00e1lez - PI WEB\",\"isPartOf\":{\"@id\":\"https:\/\/pideloya.com.ve\/PixelWeb\/#website\"},\"datePublished\":\"2023-10-18T19:31:25+00:00\",\"dateModified\":\"2025-02-21T02:30:08+00:00\",\"breadcrumb\":{\"@id\":\"https:\/\/pideloya.com.ve\/PixelWeb\/producto\/pi-01-2150-oreste-gonzalez\/#breadcrumb\"},\"inLanguage\":\"es\",\"potentialAction\":[{\"@type\":\"ReadAction\",\"target\":[\"https:\/\/pideloya.com.ve\/PixelWeb\/producto\/pi-01-2150-oreste-gonzalez\/\"]}]},{\"@type\":\"BreadcrumbList\",\"@id\":\"https:\/\/pideloya.com.ve\/PixelWeb\/producto\/pi-01-2150-oreste-gonzalez\/#breadcrumb\",\"itemListElement\":[{\"@type\":\"ListItem\",\"position\":1,\"name\":\"Portada\",\"item\":\"https:\/\/pideloya.com.ve\/PixelWeb\/\"},{\"@type\":\"ListItem\",\"position\":2,\"name\":\"Tienda\",\"item\":\"https:\/\/pideloya.com.ve\/PixelWeb\/tienda\/\"},{\"@type\":\"ListItem\",\"position\":3,\"name\":\"Pi 01-2150: Oreste Gonz\u00e1lez\"}]},{\"@type\":\"WebSite\",\"@id\":\"https:\/\/pideloya.com.ve\/PixelWeb\/#website\",\"url\":\"https:\/\/pideloya.com.ve\/PixelWeb\/\",\"name\":\"PI WEB\",\"description\":\"\",\"publisher\":{\"@id\":\"https:\/\/pideloya.com.ve\/PixelWeb\/#organization\"},\"potentialAction\":[{\"@type\":\"SearchAction\",\"target\":{\"@type\":\"EntryPoint\",\"urlTemplate\":\"https:\/\/pideloya.com.ve\/PixelWeb\/?s={search_term_string}\"},\"query-input\":\"required name=search_term_string\"}],\"inLanguage\":\"es\"},{\"@type\":\"Organization\",\"@id\":\"https:\/\/pideloya.com.ve\/PixelWeb\/#organization\",\"name\":\"PI WEB\",\"url\":\"https:\/\/pideloya.com.ve\/PixelWeb\/\",\"logo\":{\"@type\":\"ImageObject\",\"inLanguage\":\"es\",\"@id\":\"https:\/\/pideloya.com.ve\/PixelWeb\/#\/schema\/logo\/image\/\",\"url\":\"https:\/\/pideloya.com.ve\/PixelWeb\/wp-content\/uploads\/2023\/09\/Logo-Pideloya-Logo-y-Nombre.png\",\"contentUrl\":\"https:\/\/pideloya.com.ve\/PixelWeb\/wp-content\/uploads\/2023\/09\/Logo-Pideloya-Logo-y-Nombre.png\",\"width\":1763,\"height\":2171,\"caption\":\"PI WEB\"},\"image\":{\"@id\":\"https:\/\/pideloya.com.ve\/PixelWeb\/#\/schema\/logo\/image\/\"}}]}<\/script>\n<!-- \/ Yoast SEO plugin. -->","yoast_head_json":{"title":"Pi 01-2150: Oreste Gonz\u00e1lez - PI WEB","robots":{"index":"index","follow":"follow","max-snippet":"max-snippet:-1","max-image-preview":"max-image-preview:large","max-video-preview":"max-video-preview:-1"},"canonical":"https:\/\/pideloya.com.ve\/PixelWeb\/producto\/pi-01-2150-oreste-gonzalez\/","og_locale":"es_ES","og_type":"article","og_title":"Pi 01-2150: Oreste Gonz\u00e1lez - PI WEB","og_description":"Ocupaci\u00f3n: Productor y Locutor Audiovisual Telefono Movil: Cont\u00e1ctame  *Creador de Contenidos *Influencer *Productor Audiovisual *Productor Radial  Soy un destacado profesional en la industria audiovisual con una impresionante trayectoria de m\u00e1s de 15 a\u00f1os en el campo. Mi versatilidad y experiencia me han llevado a desempe\u00f1ar m\u00faltiples roles, destac\u00e1ndome como Creador de Contenidos, Influencer, Productor Audiovisual y Productor Radial.  Como Creador de Contenidos, he demostrado mi habilidad para concebir y desarrollar material audiovisual de alta calidad que captura la atenci\u00f3n de una amplia audiencia. Mi presencia en las redes sociales y capacidad para conectar con el p\u00fablico me han convertido en un Influencer influyente en mi nicho.  Adem\u00e1s, mi destreza como Productor Audiovisual se ha traducido en la producci\u00f3n de proyectos creativos y visuales que han dejado una marca duradera en la industria. Mi pasi\u00f3n por la radio tambi\u00e9n se refleja en mi trabajo como Productor Radial, donde he contribuido a la creaci\u00f3n de programas de gran \u00e9xito. Dale Click a mis Redes Sociales:  Dale click a mi Tienda Virtual","og_url":"https:\/\/pideloya.com.ve\/PixelWeb\/producto\/pi-01-2150-oreste-gonzalez\/","og_site_name":"PI WEB","article_modified_time":"2025-02-21T02:30:08+00:00","og_image":[{"width":1080,"height":1080,"url":"https:\/\/pideloya.com.ve\/PixelWeb\/wp-content\/uploads\/2023\/10\/CANAL-ALTERNATIVO-LOGO-ORESTES.jpg","type":"image\/jpeg"}],"twitter_card":"summary_large_image","twitter_misc":{"Tiempo estimado de lectura":"2 minutos"},"schema":{"@context":"https:\/\/schema.org","@graph":[{"@type":"WebPage","@id":"https:\/\/pideloya.com.ve\/PixelWeb\/producto\/pi-01-2150-oreste-gonzalez\/","url":"https:\/\/pideloya.com.ve\/PixelWeb\/producto\/pi-01-2150-oreste-gonzalez\/","name":"Pi 01-2150: Oreste Gonz\u00e1lez - PI WEB","isPartOf":{"@id":"https:\/\/pideloya.com.ve\/PixelWeb\/#website"},"datePublished":"2023-10-18T19:31:25+00:00","dateModified":"2025-02-21T02:30:08+00:00","breadcrumb":{"@id":"https:\/\/pideloya.com.ve\/PixelWeb\/producto\/pi-01-2150-oreste-gonzalez\/#breadcrumb"},"inLanguage":"es","potentialAction":[{"@type":"ReadAction","target":["https:\/\/pideloya.com.ve\/PixelWeb\/producto\/pi-01-2150-oreste-gonzalez\/"]}]},{"@type":"BreadcrumbList","@id":"https:\/\/pideloya.com.ve\/PixelWeb\/producto\/pi-01-2150-oreste-gonzalez\/#breadcrumb","itemListElement":[{"@type":"ListItem","position":1,"name":"Portada","item":"https:\/\/pideloya.com.ve\/PixelWeb\/"},{"@type":"ListItem","position":2,"name":"Tienda","item":"https:\/\/pideloya.com.ve\/PixelWeb\/tienda\/"},{"@type":"ListItem","position":3,"name":"Pi 01-2150: Oreste Gonz\u00e1lez"}]},{"@type":"WebSite","@id":"https:\/\/pideloya.com.ve\/PixelWeb\/#website","url":"https:\/\/pideloya.com.ve\/PixelWeb\/","name":"PI WEB","description":"","publisher":{"@id":"https:\/\/pideloya.com.ve\/PixelWeb\/#organization"},"potentialAction":[{"@type":"SearchAction","target":{"@type":"EntryPoint","urlTemplate":"https:\/\/pideloya.com.ve\/PixelWeb\/?s={search_term_string}"},"query-input":"required name=search_term_string"}],"inLanguage":"es"},{"@type":"Organization","@id":"https:\/\/pideloya.com.ve\/PixelWeb\/#organization","name":"PI WEB","url":"https:\/\/pideloya.com.ve\/PixelWeb\/","logo":{"@type":"ImageObject","inLanguage":"es","@id":"https:\/\/pideloya.com.ve\/PixelWeb\/#\/schema\/logo\/image\/","url":"https:\/\/pideloya.com.ve\/PixelWeb\/wp-content\/uploads\/2023\/09\/Logo-Pideloya-Logo-y-Nombre.png","contentUrl":"https:\/\/pideloya.com.ve\/PixelWeb\/wp-content\/uploads\/2023\/09\/Logo-Pideloya-Logo-y-Nombre.png","width":1763,"height":2171,"caption":"PI WEB"},"image":{"@id":"https:\/\/pideloya.com.ve\/PixelWeb\/#\/schema\/logo\/image\/"}}]}},"_links":{"self":[{"href":"https:\/\/pideloya.com.ve\/PixelWeb\/wp-json\/wp\/v2\/product\/110","targetHints":{"allow":["GET"]}}],"collection":[{"href":"https:\/\/pideloya.com.ve\/PixelWeb\/wp-json\/wp\/v2\/product"}],"about":[{"href":"https:\/\/pideloya.com.ve\/PixelWeb\/wp-json\/wp\/v2\/types\/product"}],"replies":[{"embeddable":true,"href":"https:\/\/pideloya.com.ve\/PixelWeb\/wp-json\/wp\/v2\/comments?post=110"}],"wp:featuredmedia":[{"embeddable":true,"href":"https:\/\/pideloya.com.ve\/PixelWeb\/wp-json\/wp\/v2\/media\/111"}],"wp:attachment":[{"href":"https:\/\/pideloya.com.ve\/PixelWeb\/wp-json\/wp\/v2\/media?parent=110"}],"wp:term":[{"taxonomy":"product_cat","embeddable":true,"href":"https:\/\/pideloya.com.ve\/PixelWeb\/wp-json\/wp\/v2\/product_cat?post=110"},{"taxonomy":"product_tag","embeddable":true,"href":"https:\/\/pideloya.com.ve\/PixelWeb\/wp-json\/wp\/v2\/product_tag?post=110"}],"curies":[{"name":"wp","href":"https:\/\/api.w.org\/{rel}","templated":true}]}}